st the prime factors of c.
2, 2663
Let t be (4/(-4))/((-9)/(-891)). List the prime factors of 910/6 + 66/t.
151
Let g = 32 - -32. Let f be (1/(-8))/((-8)/g). Let q(c) = 235*c**3 + c - 1. List the prime factors of q(f).
5, 47
Let b(c) = 12*c**2 + c - 2*c**3 + 22 + 23*c + 11*c**2 - 6. List the prime factors of b(11).
401
Let v(m) = -2*m**3 + 13*m**2 - 12*m - 10. Let t be v(5). Suppose -3*l + 4*h = t*h - 2566, 5*l - 2*h - 4295 = 0. What are the prime factors of l?
857
Suppose -329*a - 16 = -333*a. Let b(x) = -x**3 + 5*x**2 + x - 12. List the prime factors of b(a).
2
Let v be (46/8 - 5)/(-1)*848. Let m = v + 1246. What are the prime factors of m?
2, 5, 61
Suppose -9*r - 2*u - 526 = -14*r, -2*u = r - 110. What are the prime factors of r?
2, 53
Suppose 122*h = -2*i + 117*h + 8417, 0 = -3*i - 5*h + 12628. List the prime factors of i.
4211
Let v(n) = n**3 + 35*n**2 - 40*n + 1. Let i be v(-33). Suppose 0 = 4*x - w - 4672, 4*x - x - 2*w = i. What are the prime factors of x?
7, 167
Let p(t) = 6*t**2 + 92*t + 3270. List the prime factors of p(-75).
2, 3, 5, 251
Let p = 21368 - 21103. List the prime factors of p.
5, 53
Let a = 174 - -258. Suppose -a = -5*n + n. Suppose n = m + u, 0 = 3*u - 2 - 1. What are the prime factors of m?
107
Suppose 3*x - 1005 = -d - 2*d, -2*d = -2*x - 686. Suppose -5*y - 4*w = -1724, -w + d = y - 6*w. List the prime factors of y.
2, 43
List the prime factors of 376376/55 + 2 + (-66)/30.
3, 2281
Let l = -22428 + 40389. List the prime factors of l.
3, 5987
Suppose 19 = 16*r - 13. Suppose -508 = -r*x + 166. List the prime factors of x.
337
Let q = -121 + 172. Let n be 16/12*(q + 3). Let c = -56 + n. What are the prime factors of c?
2
Suppose -5*b + b - b = 0. Let c be (2/(-6) - b)/((-3)/27). Suppose 57 + 81 = c*y. List the prime factors of y.
2, 23
What are the prime factors of (-355496)/(-26) - (252/117)/(-28)?
11, 113
Suppose -21 = -4*c + 63. Let n(p) = -3*p + 82. List the prime factors of n(c).
19
Let a be 7 - ((-2922)/3)/2. List the prime factors of (-1)/(-3) + a/3.
3, 5, 11
Suppose -5*v + 50 + 110 = 0. Suppose -v*y = -26*y - 4494. What are the prime factors of y?
7, 107
Let y(h) = 97*h - 19. Let r(u) = u. Let x(b) = -6*r(b) + y(b). Suppose -4*l + 25 = 5*o + 11, 0 = o + 4*l - 6. What are the prime factors of x(o)?
163
List the prime factors of 0 + 8 - (-42829 + (-23 - 0)).
2, 5, 2143
Suppose 15897*t - 190749 = 15884*t. List the prime factors of t.
3, 67, 73
Let w = 267 + -257. What are the prime factors of 442 + w/2 + -2?
5, 89
Let t be (-2)/4 + (-1060)/(-8). Suppose 13*v - v - t = 0. Let w(b) = b**3 - 9*b**2 + 4*b - 13. What are the prime factors of w(v)?
3, 7, 13
What are the prime factors of 1/((-18)/(-458460)) + -13?
25457
Suppose 58*s - 59*s = 2*q - 16506, 4*s + q - 65996 = 0. What are the prime factors of s?
2, 73, 113
Let x be -1*(-2)/((-2)/(-85)). Let f(g) = 12*g**2 + 35*g - 3. Let u be f(-3). Let o = u + x. List the prime factors of o.
5, 17
Suppose 4*t + 346 = -3*q, -3*t - q = 179 + 83. Let s be ((-2)/6)/(4/(-60))*6132/210. Let n = s + t. What are the prime factors of n?
2, 29
Let r be 9/3*3*2/6. Suppose r*w = 756 + 720. List the prime factors of w.
2, 3, 41
Let j(n) = 3266*n - 1667. List the prime factors of j(17).
5, 10771
Suppose 130*n + 94*n - 655872 = 0. What are the prime factors of n?
2, 3, 61
Let z(p) = -8*p**3 + 5*p**2 + 5*p + 33. Let y(o) = -25*o**3 + 14*o**2 + 16*o + 97. Let c(b) = 4*y(b) - 11*z(b). List the prime factors of c(-5).
5, 7, 43
Let j(l) = -1268*l**3 + 89*l**2 - 27*l - 83. List the prime factors of j(-3).
5, 7, 11, 13
Let o = 9731 + -2176. What are the prime factors of o?
5, 1511
Suppose 3*l + 16 = 7*l. Let k be (325/14 + l/14)*18. List the prime factors of k/33 - 6 - (-2)/11.
7
Suppose 623 = -6*c + 653. Suppose 4*t - 5*y - 159 = 1652, 0 = -c*y - 15. List the prime factors of t.
449
Let s be -20*((-250)/8 + -7). Let l = s + 130. List the prime factors of l.
5, 179
Let l be 2/(-10) + 0 + 38064/120. Let m = -10 + l. List the prime factors of m.
307
Let b = 767 - 762. Suppose 2*a + 2*a - 2*u = 2390, -b*a + 2970 = u. What are the prime factors of a?
5, 7, 17
Let r(c) = c**2 + 9*c - 8. Let x be r(-10). Let i(j) = -17*j**2 + 5*j**x + j**2 - 12*j - j - 23 - j**3. List the prime factors of i(-10).
7
Let b(w) = w**3 + 15*w**2 + 14*w + 4. Let z be b(-14). Suppose 2*i + z*y - 648 = 0, 0*y = -4*i + y + 1269. List the prime factors of i.
2, 3, 53
Suppose y - 20 = -0*y. Suppose 5*j - 3*w = 57, -j + y = 3*j + 4*w. Let o(t) = t**2 + 2*t - 34. What are the prime factors of o(j)?
5, 13
Let c be 16/6 - (-10)/(-15). Suppose c*n = -n - 2*n. List the prime factors of (0 + n - -34) + 0 + 1.
5, 7
Let d(o) = -o**2 - 31*o - 285. Let x be d(-24). Let v = -36 - x. List the prime factors of v.
3
List the prime factors of (0 - -170)*(384/20 + -2).
2, 17, 43
Suppose -4*d - 127*s = -124*s - 43167, -4*d - s = -43181. What are the prime factors of d?
3, 59, 61
Suppose -2*a = 144 - 1464. Suppose 6*g + 0*g = a. What are the prime factors of g?
2, 5, 11
Let n(c) = 6*c - 61. Let s = -137 - -161. What are the prime factors of n(s)?
83
Suppose -27*w + 37 = -44. Suppose 2*m - 4*y - 416 = -w*m, 5*y - 257 = -3*m. What are the prime factors of m?
2, 3, 7
Let p(f) = -f**3 + 6*f**2 + 8. Let n be p(6). Let o(b) = -b**2 + 5*b + 12. Let t be o(n). Let v(y) = 2*y**2 + 11*y - 9. List the prime factors of v(t).
3, 7
Suppose -4*v = -2*a + 3*a + 3, -v - 2 = -a. Let s(y) = -311100 + y + 311100 - 134*y**3. What are the prime factors of s(v)?
7, 19
Let b(a) = -1036*a - 1135. What are the prime factors of b(-34)?
3, 11, 1033
Let l be (-34)/(-153) - (-3)/((-27)/749). Let p = l - -1370. List the prime factors of p.
3, 11, 13
Suppose 0 = -2*m - 6, 0 = -2*o - m + 288 - 33. Let r be -146*(2 - 0)*(2 - (-21)/(-12)). Let q = r + o. List the prime factors of q.
2, 7
Let o(q) be the third derivative of 85*q**4/8 + 2*q**3/3 - 20*q**2. Let f be o(1). Let i = f - 155. What are the prime factors of i?
2, 13
Suppose 15*k - 2019032 = -23*k - 120020. List the prime factors of k.
2, 3, 8329
Let j = -14007 - -17886. List the prime factors of j.
3, 431
Let l(a) = a**2 + 7*a + 9. Let s be 5*(-32)/(-20)*(5 + 1). Let p = s - 38. What are the prime factors of l(p)?
179
What are the prime factors of (-154)/1617 - 22493/(-21)?
3, 7, 17
Let p = 250 + 146. Let t = -227 + p. List the prime factors of t.
13
Suppose 19*o + 58408 = 23*o - y, -5*o + y = -73008. List the prime factors of o.
2, 5, 73
Suppose 0 = -19*i + 7*i + 192. List the prime factors of 3/4 - ((-1780)/i - 4).
2, 29
Suppose 42 = 6*q - 186. Suppose -q = -4*n + 2*x - 246, x + 2 = 0. Let s = -21 - n. What are the prime factors of s?
2
Suppose -24552 = -27*d + 3*d. Suppose -d = -3*k + 54. List the prime factors of k.
359
Let o = 109134 - 76552. What are the prime factors of o?
2, 11, 1481
Let a(o) = 608*o**3 + 2*o**2 + 6*o + 4. Let m be a(-1). Let c = m + 921. What are the prime factors of c?
313
Suppose -97*q = -40*q - 44*q - 270010. List the prime factors of q.
2, 5, 31, 67
Let d(b) be the first derivative of -2*b**2 - 13 + 47/3*b**3 + 3*b. List the prime factors of d(1).
2, 23
Suppose 98*h + 324 = 89*h. List the prime factors of (-22 - h/6)*-31.
2, 31
Let j be (45/6)/((-30)/(-72)). Let z be (2/(-3))/(3 + (-50)/j). What are the prime factors of 178 - (1 + (-12)/z)?
173
Suppose -5*g - 4*h - 1076 = 0, 126 + 85 = -g - 5*h. Let i = -102 - g. List the prime factors of i.
2, 3, 19
Let s = 76 - 78. Let p = -2 - s. Suppose 0 = -3*h + 5*g - 3*g + 429, p = 2*h + g - 286. What are the prime factors of h?
11, 13
Suppose 0 = -5*p + p + 532. Let c(l) = -l**3 - 25*l**2 + 28*l + 54. Let d be c(-26). Suppose p + 71 = d*k. What are the prime factors of k?
2, 3, 17
Let d be (-1 - 139)/(2/(-8)). Let m(t) = -18*t - 132. Let b be m(-8). List the prime factors of (-2 + b + 0)/(32/d).
5, 7
Suppose 27*p = 22*p + 13315. Suppose -5407 - p = -15*l. What are the prime factors of l?
2, 269
Suppose 4*y + 4*v = 2064, 4*v - 4 = -0. Suppose a + h = y, 0 = -4*a - 5*h + 1457 + 600. List the prime factors of a.
2, 7, 37
Let k = 1577 + 903. What are the prime factors of k?
2, 5, 31
List the prime factors of -5514*(3/((-60)/(-8)))/(12/(-75)).
3, 5, 919
Let c(f) = 164*f - 413. What are the prime factors of c(27)?
5, 11, 73
Let s(k) = -2*k**3 - 2*k**2 - k -